-4*h - 72 = 5*q, 2*q + 3*h + 30 = h. What are the prime factors of q/(-5)*275/22?
2, 3, 5
List the prime factors of 95/(-38)*(-212)/10.
53
Let f = -114 - -242. What are the prime factors of f?
2
Suppose 262 = 7*v + 101. What are the prime factors of v?
23
Let m(y) = -6*y**3 - 2*y - 1. Let x be m(-1). Suppose 0 = -u - 5, -4*k + 5 = -x*k - u. Suppose 2*f + 5*i = 16, k = -5*i - 10. What are the prime factors of f?
13
Suppose -4*m - m + 60 = 0. Suppose 5*x = 2*x - m. Let k(t) = -2*t - 4. What are the prime factors of k(x)?
2
Let y = 1 + 0. Let i = y - -2. Suppose 0 = i*k - 1 - 8. List the prime factors of k.
3
Let k be 0 - -1 - (-3)/1. Let u = 77 - 55. Suppose k*z - 2*z - u = 0. List the prime factors of z.
11
Let j(c) = -c**2 + 4*c - 3. Let z be j(3). Suppose z = -4*s - 0*s + 24. What are the prime factors of (-16)/s*(-3)/2?
2
Let n(i) = i**3 + 6*i**2 + i + 7. Let j be n(-6). Let g be 148/6 - j/(-3). Suppose 10*y = -4*k + 5*y + g, 4*k = -y + 21. What are the prime factors of k?
5
Suppose q + 0 = 2. Suppose 0 = c + q*c - 21. What are the prime factors of c?
7
What are the prime factors of 4 + 123 + -2 + -4?
11
Suppose 0 = -2*a - 5*g + 171 - 6, 4*g - 12 = 0. List the prime factors of a.
3, 5
Let j be 2/(-8) - (-97)/4. Let z = 15 - 1. Let d = j - z. List the prime factors of d.
2, 5
Let p(q) = q + 4. Let g = 2 + -2. Let v be p(g). What are the prime factors of 30/(-4)*v/(-5)?
2, 3
Let x = -6 - -12. List the prime factors of x.
2, 3
Let v(i) = -33*i + 18. List the prime factors of v(-9).
3, 5, 7
Suppose 7*h = 11*h - 16. Suppose -116 = -4*v - 2*l, h*l + 212 = 5*v + 67. What are the prime factors of v?
29
Suppose 7*u = 10*u - 75. What are the prime factors of u?
5
Suppose 0*y = -4*y + 536. What are the prime factors of y?
2, 67
Suppose 8 = z - 0*z. Suppose -3*v + 55 = -z*v. Let i = -5 - v. List the prime factors of i.
2, 3
Let b(y) = -y**3 + 8*y**2 - 9*y + 5. List the prime factors of b(6).
23
Let r be (-42)/30 + (-3)/5. List the prime factors of (2 + 6)*(r + 3).
2
Let j(g) = 4*g**2 + 7*g + 32. What are the prime factors of j(-7)?
179
Suppose 0 = 3*y - y + 4*p, -20 = -5*y - 5*p. Let g = y + -2. What are the prime factors of g?
2, 3
Let b = -10 + 2. Let o = b - -13. Suppose -4*z = -4*u - 32, 4*z + 4*u + o = -3. List the prime factors of z.
3
Let l(q) = -22*q + 38. What are the prime factors of l(-5)?
2, 37
Suppose -2*t + 5*c = -t - 20, -3*t + 16 = -4*c. Let k be 2 - (-1 + 1) - t. Suppose -5 = -i + k. What are the prime factors of i?
7
Suppose -w = -3*w + 72. List the prime factors of w.
2, 3
Let g(k) = 0 - 3*k + 4*k**2 - 3*k**2 - 6. Let j be g(5). Suppose j = h + h. What are the prime factors of h?
2
Suppose -3*o + 4*f = -39, 2 + 1 = f. List the prime factors of o.
17
Let c(l) = 3*l**2 - 14*l + 2. List the prime factors of c(10).
2, 3
Let t = -3 - -3. Suppose -3 + t = -g. Suppose 0*x - 20 = -2*x + 4*l, 0 = g*x - 5*l - 29. What are the prime factors of x?
2
Let b(t) = 5*t**3 - 12*t**2 + 5*t + 2. Let w(m) = -m**3 + m**2 + m - 1. Let n(v) = b(v) + 4*w(v). Let c be n(7). List the prime factors of (2/(-6))/((-1)/c).
2
Let a(f) = -f - 12. Let b be a(-10). Let c be b/1*1 + 8. Suppose 4*t = 6*t - c. What are the prime factors of t?
3
Suppose 7*r = 8*r - 113. List the prime factors of r.
113
Let n(d) = -d**2 - 6*d - 5. Let o = -9 - -5. What are the prime factors of n(o)?
3
Suppose 5*s - 5 = 4*s. Let w = -2 + s. What are the prime factors of w?
3
Let g(h) = -h**2 + 10*h + 11. Let b be g(11). Suppose 0*l - 3*l - 3*d + 126 = b, -20 = 4*d. List the prime factors of l.
47
Suppose 0*q = -q. Suppose -3*i - 2*l - 4 + 12 = q, -i = l - 2. List the prime factors of i.
2
Let g(r) = -5*r - r**2 + 6 + 2 + 0*r - 3. List the prime factors of g(-5).
5
Let w = 204 - 94. List the prime factors of w.
2, 5, 11
List the prime factors of (-2)/5 + 364/35.
2, 5
Let u(o) = -198*o**3 + 2*o**2 + 4*o + 3. What are the prime factors of u(-1)?
199
Suppose x = 34 - 4. Let k = x - -2. What are the prime factors of k?
2
Suppose 2*s + x - 4*x = -6, 0 = -4*s + 3*x - 18. Let f = s + 23. What are the prime factors of f?
17
Let v(a) = a + 0 - 6 + a. Let c be v(5). Suppose 0 = -c*b, -5*o - 2*b - b = -20. List the prime factors of o.
2
Suppose 33 = 5*g - 3*g + 3*f, 3*g + 5*f - 50 = 0. List the prime factors of g.
3, 5
Suppose -y = 3*m - 17, -7*y + 5*y + 14 = m. Suppose -4*a + h + 5 = 0, -h - 12 = -5*h. Suppose -y*k + 21 = -a*p, -3*p + 9 = -p + k. List the prime factors of p.
2
Let v(i) = -i**2 - 1. Let n(z) = z**3 + 2*z**2 + 2. Let h(r) = n(r) + 2*v(r). Let t be h(2). Let g = t - -4. List the prime factors of g.
2, 3
Suppose -2*i - 2*w + 7 = -3*w, -3*i = -3*w - 12. Suppose -5*y + i*o + 49 = 8, 6 = -3*o. List the prime factors of y.
7
Let t(z) = -z**2 - 2*z - 2. Let o be t(-4). Let l = 22 + o. What are the prime factors of l?
2, 3
Let t be (1 - 3)/(0 - -1). Let c = t - -7. List the prime factors of c.
5
Suppose 4*d = -d + 4*a + 54, -4*a = 3*d - 26. Suppose 2*v = 7*v + 580. List the prime factors of v/(-10) + 4/d.
2, 3
Let a(r) = -2*r - 2. Let y(w) = -w + 1. Let s(l) = -a(l) - y(l). What are the prime factors of s(1)?
2
Suppose 3*m = 3*l - 525, l - 5*m = 93 + 102. List the prime factors of l.
2, 5, 17
Let d = -8 - -6. Let o = 1 + d. List the prime factors of 4/(-10)*o*15.
2, 3
Suppose -5 = -5*d, z - d + 0*d - 11 = 0. What are the prime factors of z?
2, 3
Let k be 0 + (-4)/(6/3). Let c be ((-1)/(-3))/((-3)/9). List the prime factors of 4 + c + k + 1.
2
Suppose -4*o + 3*w - 2*w - 44 = 0, -2*w = -o - 4. Let r = o - -17. Suppose -67 + 22 = -r*x. List the prime factors of x.
3
Suppose -5*u - 4*b + 57 = 0, b + 10 = -2*u + 31. Suppose -2 = -z + u. What are the prime factors of z?
11
Suppose 5*r + 153 = k, -3*k - r = 2*k - 635. What are the prime factors of k?
2
Let k(g) = -g + 8. Let v be k(0). Suppose v = 3*i + 2. Suppose -16 = -4*y - i*n - 2*n, -4 = -3*y + 5*n. What are the prime factors of y?
3
Let z = -11 - -7. Let w = z + 48. Suppose -16 = 4*h, -2*q + h = -3*h - w. List the prime factors of q.
2, 7
Let g(d) = d + 1. Let p be g(0). Let q = p + 2. Suppose -q*z = -3*l + 9, -2*l - 4*z - z = 1. What are the prime factors of l?
2
Suppose 13*z - 1233 = 1003. What are the prime factors of z?
2, 43
Let y(i) = -i + 1. Let w be y(-3). Suppose 0 = 3*n - 5*n - f, -2*n + w*f = 20. List the prime factors of n/1 + 15 + -2.
11
Let v(w) = -4*w + 19. What are the prime factors of v(-8)?
3, 17
Let n(b) = -b**3 + 2*b**2 - b + 4. Let v be n(6). What are the prime factors of 4/6 + v/(-6)?
5
Let n be (-9)/(-3)*6/9. Suppose x = -6 + n. List the prime factors of (x/6)/((-4)/18).
3
Let y = 0 - 0. Suppose 0*d - d + 3 = y. List the prime factors of d.
3
List the prime factors of 164 - 1 - (-13)/((-78)/(-12)).
3, 5, 11
Suppose 3*i + 4*r + 157 = 0, -r - 253 = 5*i - 3*r. What are the prime factors of 3*i/(-9) - -3?
2, 5
Let p(a) = -4*a + 5*a + 0 + 10. Let d be p(-10). Suppose 0*r - 5*r + 55 = d. What are the prime factors of r?
11
Suppose -r + 0*r - q + 8 = 0, 29 = 3*r + 2*q. List the prime factors of r.
13
Let i(y) = y**3 + 11*y**2 - y + 7. What are the prime factors of i(-10)?
3, 13
Suppose -2 + 28 = 2*d. What are the prime factors of d?
13
Let n(y) = -4*y - 39. Let r(p) = -p - 13. Let k(u) = 2*n(u) - 7*r(u). List the prime factors of k(8).
5
Let y(c) = 19*c**2 - c - 1. Let x be -3 + 6/(-3) + 11. Let g(l) = -l**3 + 5*l**2 + 7*l - 7. Let r be g(x). What are the prime factors of y(r)?
19
Let u = -1 + 1. Suppose 0*h - 5*h + q = u, -3*h = 2*q. Suppose x + 4*y + 14 = 0, h = -x - x - 2*y - 4. What are the prime factors of x?
2
Suppose -2*i - 1052 = -5*c - 0*i, 200 = c - 3*i. What are the prime factors of ((-2)/4)/((-2)/c)?
53
Let w(p) = p - 2. Let b be 18/(-10)*(-10)/3. List the prime factors of w(b).
2
Suppose c - 3*z - 7 = 0, -2*c + 3*c - 6 = 2*z. Let m = 0 + c. Suppose q + 4 = y + 7, -4*y = m. What are the prime factors of q?
2
Let m = 18 + -11. Suppose 3*g + 5*u - 15 = 0, 4*g + u - 3 = m*g. Suppose 0 = -g*r - 3*r + 27. What are the prime factors of r?
3
Let y = -9 - -19. List the prime factors of y.
2, 5
Let y(t) be the third derivative of t**6/30 + t**5/60 - 2*t**2. Let f be y(1). Let q = f - -2. List the prime factors of q.
7
Suppose -g - 188 = 4*l, -4*l - l + 3*g - 252 = 0. What are the prime factors of (-1)/((-3)/l*-2)?
2
Let y(